
What is the tens digit of 80963741?
4
What is the thousands digit of 331540533?
0
What is the thousands digit of 689205243?
5
What is the hundreds digit of 543820564?
5
What is the thousands digit of 577787848?
7
What is the tens digit of 14647495?
9
What is the thousands digit of 69302339?
2
What is the ten thousands digit of 37936905?
3
What is the ten thousands digit of 152984940?
8
What is the units digit of 298015100?
0
What is the hundred millions digit of 1400936217?
4
What is the ten thousands digit of 1519474907?
7
What is the units digit of 39937383?
3
What is the millions digit of 3718747677?
8
What is the hundreds digit of 49315253?
2
What is the hundred thousands digit of 147907082?
9
What is the millions digit of 66490388?
6
What is the hundred millions digit of 4021252917?
0
What is the ten thousands digit of 966612479?
1
What is the units digit of 1039674643?
3
What is the thousands digit of 28759502?
9
What is the ten millions digit of 33910043?
3
What is the tens digit of 4171797619?
1
What is the billions digit of 3731695879?
3
What is the hundred thousands digit of 1272650?
2
What is the millions digit of 57027742?
7
What is the units digit of 101317224?
4
What is the hundred millions digit of 365889371?
3
What is the millions digit of 803412431?
3
What is the ten millions digit of 6059499184?
5
What is the hundreds digit of 3140320045?
0
What is the thousands digit of 19424977?
4
What is the units digit of 75363443?
3
What is the ten thousands digit of 314171?
1
What is the ten millions digit of 1336172444?
3
What is the ten millions digit of 36335981?
3
What is the thousands digit of 54217817?
7
What is the billions digit of 3026544763?
3
What is the ten millions digit of 72009070?
7
What is the thousands digit of 241039162?
9
What is the units digit of 19522579?
9
What is the ten millions digit of 212585566?
1
What is the units digit of 24563152?
2
What is the thousands digit of 267747456?
7
What is the ten millions digit of 53930023?
5
What is the hundreds digit of 771425484?
4
What is the tens digit of 161554188?
8
What is the hundreds digit of 3219974815?
8
What is the thousands digit of 16027858?
7
What is the millions digit of 3252709594?
2
What is the thousands digit of 2978571900?
1
What is the ten millions digit of 615971179?
1
What is the ten thousands digit of 8856392?
5
What is the hundred thousands digit of 3540904837?
9
What is the millions digit of 100342562?
0
What is the units digit of 63676011?
1
What is the ten millions digit of 3316691751?
1
What is the units digit of 2267343157?
7
What is the ten millions digit of 97682495?
9
What is the units digit of 33210312?
2
What is the thousands digit of 1520367536?
7
What is the thousands digit of 1342571643?
1
What is the ten thousands digit of 4213584828?
8
What is the hundred thousands digit of 788536077?
5
What is the millions digit of 714654558?
4
What is the ten thousands digit of 9015220?
1
What is the hundred thousands digit of 25376770?
3
What is the thousands digit of 1876343714?
3
What is the hundreds digit of 77710693?
6
What is the thousands digit of 1450638299?
8
What is the hundreds digit of 46684889?
8
What is the hundreds digit of 9731332748?
7
What is the hundred thousands digit of 78810211?
8
What is the tens digit of 1375290760?
6
What is the ten thousands digit of 1294369260?
6
What is the thousands digit of 147557875?
7
What is the ten millions digit of 3284723360?
8
What is the hundred thousands digit of 193438299?
4
What is the ten millions digit of 1036828073?
3
What is the millions digit of 32484974?
2
What is the ten thousands digit of 68010281?
1
What is the tens digit of 53048513?
1
What is the ten millions digit of 70296720?
7
What is the thousands digit of 47131336?
1
What is the ten thousands digit of 5512458276?
5
What is the ten thousands digit of 645099545?
9
What is the ten thousands digit of 46624025?
2
What is the hundred thousands digit of 583483575?
4
What is the tens digit of 152483010?
1
What is the units digit of 157296070?
0
What is the units digit of 27059185?
5
What is the ten millions digit of 2930378336?
3
What is the units digit of 202555121?
1
What is the tens digit of 47635467?
6
What is the millions digit of 418177347?
8
What is the units digit of 1969213009?
9
What is the hundred thousands digit of 91482597?
4
What is the thousands digit of 50167546?
7
What is the hundred millions digit of 4455901754?
4
What is the tens digit of 490256776?
7
What is the millions digit of 25454358?
5
What is the tens digit of 151815384?
8
What is the tens digit of 24737218?
1
What is the hundred millions digit of 1552469036?
5
What is the tens digit of 442963935?
3
What is the ten thousands digit of 5274436941?
3
What is the millions digit of 97256277?
7
What is the tens digit of 105417019?
1
What is the units digit of 1734153522?
2
What is the tens digit of 108843982?
8
What is the units digit of 1190343783?
3
What is the tens digit of 43464302?
0
What is the ten millions digit of 2954626796?
5
What is the thousands digit of 49305126?
5
What is the ten thousands digit of 147385846?
8
What is the units digit of 389911590?
0
What is the millions digit of 291899151?
1
What is the hundred thousands digit of 403703156?
7
What is the thousands digit of 24702247?
2
What is the ten thousands digit of 588136757?
3
What is the ten millions digit of 4968264207?
6
What is the ten thousands digit of 226918269?
1
What is the tens digit of 99398899?
9
What is the tens digit of 874243807?
0
What is the thousands digit of 167065734?
5
What is the thousands digit of 576602117?
2
What is the millions digit of 34027621?
4
What is the hundred thousands digit of 254915794?
9
What is the tens digit of 67205235?
3
What is the units digit of 11336022?
2
What is the hundred millions digit of 435774137?
4
What is the tens digit of 15319598?
9
What is the ten thousands digit of 108912888?
1
What is the ten thousands digit of 130159521?
5
What is the millions digit of 4676323197?
6
What is the tens digit of 179942577?
7
What is the hundred thousands digit of 1434181?
4
What is the millions digit of 37303970?
7
What is the units digit of 9426908?
8
What is the hundred thousands digit of 213687313?
6
What is the hundred thousands digit of 9068955504?
9
What is the hundred thousands digit of 576519050?
5
What is the ten millions digit of 421825594?
2
What is the hundred thousands digit of 391506499?
5
What is the millions digit of 1138210174?
8
What is the tens digit of 800666907?
0
What is the ten millions digit of 4540508793?
4
What is the thousands digit of 362234280?
4
What is the units digit of 196705313?
3
What is the tens digit of 70893323?
2
What is the ten thousands digit of 78649806?
4
What is the tens digit of 818696136?
3
What is the thousands digit of 133211488?
1
What is the thousands digit of 90461926?
1
What is the millions digit of 205770223?
5
What is the ten millions digit of 206125044?
0
What is the billions digit of 1093798925?
1
What is the hundred thousands digit of 848338399?
3
What is the ten thousands digit of 780351752?
5
What is the hundreds digit of 2625980832?
8
What is the ten thousands digit of 89050166?
5
What is the ten millions digit of 15746760?
1
What is the tens digit of 514182578?
7
What is the ten millions digit of 1538685417?
3
What is the millions digit of 250846135?
0
What is the units digit of 270188177?
7
What is the hundred thousands digit of 1899819707?
8
What is the ten thousands digit of 83943128?
4
What is the thousands digit of 1489920679?
0
What is the ten thousands digit of 465288106?
8
What is the units digit of 3275866911?
1
What is the ten millions digit of 326061241?
2
What is the hundred thousands digit of 213876665?
8
What is the units digit of 28357662?
2
What is the hundred thousands digit of 2183984642?
9
What is the hundred thousands digit of 2141560819?
5
What is the ten millions digit of 86480442?
8
What is the units digit of 434298912?
2
What is the thousands digit of 559575543?
5
What is the billions digit of 1729996638?
1
What is the ten millions digit of 189051060?
8
What is the millions digit of 5780848?
5
What is the tens digit of 19283588?
8
What is the millions digit of 16024359